v).
2
Let w(b) = b - 29. Suppose -g = f - 11, -344*g + 342*g + 46 = 4*f. What is w(f)?
-17
Let t(x) = 2*x**2 - 3*x - 9. Let i = -1502 - -1498. What is t(i)?
35
Let s(k) = 26*k + 1. Suppose 3*c - 1079 + 1097 = 2*j, c - j + 8 = 0. Calculate s(c).
-51
Let r(q) be the second derivative of q**4/6 + q**3 + q**2 - 44*q - 1. Let n(d) = -d**2 + 9*d - 14. Let i be n(6). Suppose 0 = i*o - 44 + 60. Determine r(o).
10
Let v(g) = g**2 + 4*g - 7. Let o(l) = -5*l + 154. Let r be o(31). Let h be 7 - (4 - -7 - r). What is v(h)?
-2
Let d be (-26)/(-2) + ((-126)/(-2))/9 + -11. Let b(y) = y**3 - 5*y**2 - 39*y + 20. What is b(d)?
-7
Let i(h) be the first derivative of 23 + 0*h**2 + 0*h**4 + 0*h - 40/3*h**3 - 1/120*h**5. Let u(j) be the third derivative of i(j). What is u(7)?
-7
Let z(y) = -y**2 + 28*y - 30. Suppose 377*x - 3860 - 5188 = 0. Determine z(x).
66
Let f(u) = 44*u**2 + 25*u + 19. Let b(j) = 25*j**2 + 13*j + 10. Let v(r) = -7*b(r) + 4*f(r). Calculate v(-12).
42
Suppose -12*l - 9 = 7 - 52. Let b(u) be the second derivative of -1/3*u**l - 9/2*u**2 + 0 + 6*u. Determine b(-9).
9
Let s(p) = 3*p**2 - 15*p. Let i = 3769 + -3763. Calculate s(i).
18
Let s(d) = -32*d - 42. Let p(u) = -73*u - 84. Let n(b) = -2*p(b) + 5*s(b). What is n(-3)?
0
Let b(f) = -98*f + 5000. Let g be b(51). Let u(d) = -d**2 - 15*d + 26. Give u(g).
-8
Let l be 1/(36/(-8) - -5). Suppose -l*x - 15 = 3*x, 2*v + x = -3. Let y(u) = -u + 1. Calculate y(v).
1
Let l(r) = 8 + 52 + 2*r**2 + 43 + 31*r - 37 + 2*r. What is l(-14)?
-4
Let l(h) = -h**3 - 16*h**2 - 16*h - 23. Let w = -343 + 328. Calculate l(w).
-8
Let x(c) be the first derivative of 5*c**3/3 - 11*c**2/2 - 1. Let m(t) = 9*t**2 - 21*t. Let z(k) = -6*m(k) + 11*x(k). Let y be 300/(-24)*34/85. Calculate z(y).
0
Let q(p) = -p**3 + 7*p**2 + 6*p + 16. Suppose 3*j - 2*x = 37 - 3, 0 = -5*j - 2*x + 30. What is q(j)?
0
Let t(u) be the second derivative of u**3/3 - 37*u**2/2 + 2*u + 345. Calculate t(14).
-9
Let n(x) be the first derivative of -x**3/2 + 3*x**2/2 - 49*x - 11. Let k(f) be the first derivative of n(f). What is k(7)?
-18
Suppose 18 = -3*w + 5*d, 0*w = 5*w - 5*d + 30. Let h(q) = 2*q**2 + 3*q - 109. Let p(v) = -5*v**2 - 8*v + 257. Let k(b) = -7*h(b) - 3*p(b). Determine k(w).
10
Let b(c) = -189*c + 562*c + c**3 - 188*c + 5*c**2 - 3 - 183*c. Suppose 2*h - 5 = -5*z - 33, -4*z - 20 = h. Give b(h).
5
Let b(m) = -m**2. Let z(x) = -2*x**2 + 6*x + 14. Suppose -5*c + 5 = -0*c. Let d(k) = c*z(k) - 4*b(k). Let q(g) be the first derivative of d(g). Give q(-6).
-18
Let x(h) = -h + 4. Suppose -2*y + 29 + 9 = 4*w, -2*w = -5*y + 11. Suppose w*v - 9*v = -8. Let b(p) = -p**3 + 2*p**2 + 9*p - 8. Let s be b(v). What is x(s)?
8
Let z be (2 + 0)/(3/6 - 1). Let i(q) = -q**3 + 3 - 4*q**2 - 2*q + 10*q - 7*q. Determine i(z).
-1
Let y(t) be the first derivative of 1/3*t**3 - 11/2*t**2 + 8 - 3*t. What is y(6)?
-33
Suppose 40 = 5*b + 3*h, 0*b + 4*h = -b + 8. Let t(j) be the first derivative of -3*j**2/2 + 10*j - 686. Calculate t(b).
-14
Suppose 178*y - 403 = 38*y - 123. Let g(n) be the first derivative of n**2 - 2*n - n**3 + 3/4*n**4 - 1. Calculate g(y).
14
Suppose 65*t = 45*t + 380. Let o(b) = 5*b - 104. Calculate o(t).
-9
Let v be 10/14*6 - 4/14. Let p(a) = -2*a + 4. Let f(i) = -i + 2. Let z(x) = v*p(x) - 7*f(x). Calculate z(3).
-1
Let v(n) = -n**3 - 5*n**2 - 3*n. Let d = -141 + 142. Let q be d/4 + 39/(-12). Give v(q).
-9
Suppose u + 22 = -u. Let p(f) = -15*f**2 - 26*f - 51. Let q(s) = -4*s**2 - 6*s - 13. Let x(j) = 3*p(j) - 11*q(j). Give x(u).
1
Let h(n) = 2*n**3 + 7*n**2 + 4*n. Let x = 92 - 86. Suppose 0 = -x*u - 7 - 11. Let q be h(u). Let o(k) = -2*k**3 - 4*k**2 + 2*k + 3. Determine o(q).
15
Let h(b) = -16*b + 16. Let m(y) = 5*y - 5. Let t(p) = 3*h(p) + 10*m(p). Let l be (-7)/(910/40) - (-700)/(-91). Give t(l).
-18
Suppose 0 = 2*w + 2*o - 18, 4*w - 6*w = -o - 9. Let l(h) = -4 + 8*h + 2*h**2 - 15*h + 9*h - 3*h**2. Calculate l(w).
-28
Let h = 6725 - 6728. Let d(s) = s**2 + 4*s - 2. What is d(h)?
-5
Let s(m) = m**3 + 5*m**2 - 12*m. Let j be s(-10). Let r = -380 - j. Let q(w) = 2*w - 7. Calculate q(r).
-7
Let z(r) = -r**3 - 21. Suppose -2 - 3 = -w. Suppose 0 = 11*l - 10*l + w*l. What is z(l)?
-21
Let f(m) = -m + 5*m**2 - 4*m**2 - 5*m + 206 + 0*m - 212. What is f(6)?
-6
Let y(d) = 4*d**3 + 49*d**2 - 41*d - 27. Let t(p) = 5*p**3 + 52*p**2 - 50*p - 26. Let j(l) = -2*t(l) + 3*y(l). Calculate j(-22).
-7
Let b(y) be the first derivative of y**2 + 3*y - 5. Let r = 49 - 47. Suppose -r*s = s + 12. What is b(s)?
-5
Let x(w) be the third derivative of 2*w**5/15 - w**4/24 + w**3/6 + 18*w**2. Let s be x(-1). Let i(r) = -4 - 4 + s*r + 7. Give i(1).
9
Let c = 8 + -6. Let a(n) = -18*n**c + 1 + 9*n - 8*n + n. What is a(-1)?
-19
Let q(i) = i**3 + 17*i**2 - 19*i - 15. Let a be (4/(-24))/((-3)/18) - 627/33. Calculate q(a).
3
Let o be ((-564)/36 + 16)/(7 - -41*2/(-12)). Let s(t) be the first derivative of 2*t**2 - 3*t - 1. Calculate s(o).
5
Let p(s) = 3*s**2 + 73*s - 292. Let m be p(-28). Let a(j) = j**2 - 14*j - 41. Calculate a(m).
-9
Let t(l) = -2*l**2 - 7*l - 5. Let q be ((-8)/(-2 - -1))/(-1) + 2. Let n be q/2 - (-14 + 16). Determine t(n).
-20
Let l(f) = -2*f**3 + 14*f**2 + 2*f + 8. Let q be (-1*30/40)/((-6)/56). Give l(q).
22
Let m = -2 + 4. Let j(t) be the third derivative of -39*t**2 - 1/3*t**3 - 1/24*t**4 + 0 + 0*t. Determine j(m).
-4
Let i(r) = -7*r**2 - r + 0*r**2 - 3*r**2 + 3*r**2 + 10 + 16*r**2 - r**3. Let x be (14 + -16)/(4/(-18)). Give i(x).
1
Let b(l) = -14149564*l + 32 + 14149587*l + 11. What is b(-2)?
-3
Let r = -90 - -143. Suppose 20*z - 587 = r. Let y(a) = -22*a**2 - 1 + 70*a - z*a - 38*a. Calculate y(1).
-23
Let o(s) be the third derivative of s**4/8 + 19*s**3/6 - 833*s**2. Give o(-14).
-23
Let g = 11 - 7. Let o(i) = -10*i + 6 + 4 + 5 - 11. Let v(n) = 2*n - 1. Let r(y) = -o(y) - 6*v(y). Calculate r(g).
-6
Let q(f) = -2*f**3 + 5*f**2 + 7*f - 3. Let u be 12 + -1*(3 - -4). What is q(u)?
-93
Let j(x) = 6*x - 7736168 + 7736168. Suppose -3*k + 2*d + 16 = 0, -2*k - 4*d = -3*k + 2. Calculate j(k).
36
Let l = 49 + -35. Suppose f + l*f - 180 = 0. Let z be 5*f/(-14)*(-42)/45. Let j(s) = s**3 - 3*s**2 - 2*s - 1. Determine j(z).
7
Let x be (-6)/(-7) - (-18 + (-1170)/(-91)). Let o(q) = q**3 - 5*q**2 - 6*q - 10. Give o(x).
-10
Let t(j) be the second derivative of -j**5/20 + 3*j**4/4 + 8*j**3/3 + 13*j**2/2 - 8*j + 445. Give t(10).
73
Let y(u) = 24*u**3 + 43*u**2 - 41*u**2 + 1 + 8*u + 7 - 25*u**3. Calculate y(0).
8
Let c(n) = n**3 + 9*n**2 + 17*n. Suppose -42 = 35*x + 28. Calculate c(x).
-6
Let y(r) be the third derivative of r**4/24 + 4*r**3/3 + r**2. Let p(u) = 200*u - 8. Let c be p(0). What is y(c)?
0
Let x(b) = -b**3 + 12*b**2 + 14*b + 7. Let c(n) = n**3 - 37*n**2 - 3*n + 137. Let u be c(37). Suppose -r - u = -3*r. What is x(r)?
20
Suppose 8 = 6*t - 10. Suppose 14 = -4*c + 2*i, -21*c + 9 = -20*c - t*i. Let u(p) = -p**3 - 5*p**2 + 7*p - 4. Determine u(c).
-10
Suppose 45 = 3*f - 0. Let c be (5 + 140/(-15) + 5)*3. Let s(k) = -k**c - 4*k + f - 3 - 4. What is s(-6)?
-4
Let g(d) = 4*d + 3. Let i be (-8)/20 + (-679)/(-35). Suppose 4*o = -5*l - 13, -2*l - l = 3*o + 6. Suppose 2*u - u - 8 = x, -o*u = -2*x - i. What is g(x)?
-17
Suppose 0 = 20*k - 258 + 78. Let r(h) = -h**3 + 9*h**2 + 2*h - 9. Calculate r(k).
9
Let y(l) = -l - 19. Let t be y(-12). Let w be t*(1 - (-1)/(-7)). Let u be 1/(-2)*w/4*-4. Let c(a) = 7*a - 1. Give c(u).
-22
Let o be (-4)/6*(-1320)/88. Let t(u) = -6*u + u**2 + o*u - 10*u + 6*u. Let j = 2 - 1. Calculate t(j).
1
Let q(b) = 23*b**3 + b - 1. Suppose 67 - 512 = 2*h - n, 218 = -h - 4*n. Let t = h - -223. Determine q(t).
23
Let b = 10068 - 10066. Let g(h) = h**2 - 6*h + 9. Determine g(b).
1
Let f(x) be the third derivative of -x**6/120 + 11*x**5/30 - x**4/24 + 7*x**3/2 - 27*x**2 - 1. What is f(22)?
-1
Let n(h) = -12*h + 39. Let b be n(3). Let a(j) = 14*j**2 - 3*j - j**b + 0 + 2 - 9*j**2. Determine a(4).
6
Let i(r) = -19*r**3 + 19*r**2 - 11*r - 29. Let n(w) = -8*w**3 + 9*w**2 - 5*w - 14. Let f(x) = 3*i(x) - 7*n(x). Calculate f(-6).
-1
Let q(m) be the second derivative of 0 - 1/12*m**4 + 7/6*m**3 + 158*m - m**2. Determine q(8).
-10
Let o = -95 - -98. Let y be -1*o + (-30)/(-15). Let j(x) = -x + 1. Let z(g) = -g**2 - 2. Let n(w) = y*z(w) - 2*j(w). Calculate n(-2).
0
Let q(p) be